lse
Is 174 a factor of 886008?
True
Does 79 divide 528009389?
False
Is 24095070 a multiple of 20?
False
Does 10 divide 12512510?
True
Is 1301340780 a multiple of 95?
True
Is 459525274 a multiple of 13?
True
Does 4377 divide 3747473598?
True
Does 2897 divide 486664133?
True
Is 969876241 a multiple of 5?
False
Is 469 a factor of 14859939?
False
Does 634 divide 40759288?
False
Is 49082865 a multiple of 13?
True
Is 391 a factor of 4145382?
True
Is 151 a factor of 49815806?
True
Is 241 a factor of 471798964?
False
Does 9 divide 25911711?
True
Is 35 a factor of 24334627?
False
Is 628357527 a multiple of 9?
True
Does 967 divide 1833504525?
True
Is 128 a factor of 5982592?
True
Is 14 a factor of 13763106?
True
Is 181 a factor of 17805513?
True
Is 18 a factor of 670577256?
True
Is 59 a factor of 131285977?
False
Does 342 divide 289245107?
False
Does 1757 divide 42593194?
True
Is 320258009 a multiple of 156?
False
Is 74 a factor of 463408128?
True
Is 63 a factor of 1337542531?
False
Is 87 a factor of 285503799?
False
Is 4 a factor of 623936?
True
Is 25393380 a multiple of 15?
True
Is 212986000 a multiple of 500?
True
Is 420 a factor of 1269466920?
False
Is 3343 a factor of 15020579?
False
Is 526 a factor of 66798844?
True
Does 43 divide 1327070596?
False
Is 6626676 a multiple of 14?
True
Is 9 a factor of 93405564?
True
Is 1154276 a multiple of 118?
True
Does 468 divide 25851249?
False
Does 1142 divide 190178349?
False
Does 12 divide 135838207?
False
Does 22 divide 7125303?
False
Does 23 divide 23035443?
True
Is 182 a factor of 1493905504?
True
Is 38269084 a multiple of 700?
False
Is 93856942 a multiple of 2263?
False
Is 78545709 a multiple of 333?
True
Is 197857465 a multiple of 19?
False
Is 323 a factor of 245567176?
False
Is 39 a factor of 167897383?
False
Does 113 divide 609485953?
True
Does 263 divide 1431328813?
False
Does 1130 divide 200407?
False
Is 28 a factor of 97822956?
True
Is 97 a factor of 627488926?
True
Is 1683 a factor of 405605130?
False
Is 200 a factor of 104244400?
True
Is 63198305 a multiple of 170?
False
Is 54 a factor of 39036870?
True
Is 113 a factor of 1850912428?
True
Is 269 a factor of 145643607?
False
Is 22 a factor of 12194765?
False
Is 351622516 a multiple of 19?
False
Does 11 divide 52492259?
False
Is 82 a factor of 3370447?
False
Does 5 divide 2821483646?
False
Does 317 divide 3230864?
True
Does 83 divide 129519674?
True
Is 168 a factor of 1237899471?
False
Is 5651 a factor of 476164562?
True
Is 97 a factor of 881814?
False
Is 16 a factor of 13120668?
False
Is 174285080 a multiple of 5?
True
Is 61 a factor of 23302488?
True
Does 85 divide 595823820?
True
Does 6 divide 116052966?
True
Does 9 divide 1507576051?
False
Does 15 divide 509776?
False
Does 142 divide 484350924?
True
Is 395158116 a multiple of 17?
False
Is 187344054 a multiple of 97?
True
Does 893 divide 655323473?
False
Is 2314 a factor of 233383098?
True
Is 51072480 a multiple of 174?
True
Is 1720 a factor of 1232930773?
False
Does 35 divide 151813340?
True
Is 578 a factor of 3853663532?
False
Is 1313 a factor of 938856711?
True
Is 32323375 a multiple of 3485?
True
Does 34 divide 6332906?
False
Does 20 divide 12388693?
False
Is 76279840 a multiple of 338?
True
Is 1219 a factor of 166107737?
False
Is 14 a factor of 59390524?
False
Does 64 divide 3439616?
True
Is 84 a factor of 82365108?
True
Is 102619758 a multiple of 129?
True
Is 4654502694 a multiple of 342?
True
Is 1044 a factor of 158901779?
False
Is 257969232 a multiple of 144?
True
Is 215314328 a multiple of 58?
True
Is 116 a factor of 814074719?
False
Is 49263848 a multiple of 1172?
True
Does 77 divide 32785291?
True
Is 158 a factor of 294019757?
False
Is 67399171 a multiple of 15?
False
Is 1093450989 a multiple of 13?
False
Is 8 a factor of 30906822?
False
Is 359 a factor of 8474195?
True
Is 1314 a factor of 18281682?
True
Is 51462398 a multiple of 12?
False
Is 150 a factor of 54468750?
True
Is 742157664 a multiple of 32?
True
Is 13 a factor of 216979256?
True
Does 192 divide 70062912?
True
Is 14595409 a multiple of 103?
True
Is 60437832 a multiple of 84?
True
Is 98 a factor of 5325908?
True
Is 14243559 a multiple of 33?
True
Is 20 a factor of 96129339?
False
Is 3334 a factor of 35637126?
True
Is 7 a factor of 76994141?
True
Is 8 a factor of 36865591?
False
Is 42964639 a multiple of 531?
False
Is 26 a factor of 23596955?
False
Is 804 a factor of 91906662?
False
Is 879741320 a multiple of 5?
True
Is 43931244 a multiple of 12?
True
Does 17 divide 128274758?
True
Is 35 a factor of 1024911681?
False
Is 64120455 a multiple of 71?
True
Is 2895 a factor of 520185180?
True
Does 210 divide 40247801?
False
Is 76569020 a multiple of 10?
True
Does 2357 divide 38288563?
False
Is 66852755 a multiple of 131?
False
Is 812458793 a multiple of 789?
False
Is 3 a factor of 197490164?
False
Is 283804291 a multiple of 845?
False
Does 459 divide 492456970?
False
Is 88 a factor of 124370320?
False
Is 260 a factor of 7636604?
False
Is 324 a factor of 1620411417?
False
Does 61 divide 124626843?
True
Does 204 divide 12390756?
True
Is 49771090 a multiple of 44?
False
Is 336 a factor of 8294843?
False
Does 29 divide 676463367?
True
Is 20100908 a multiple of 109?
True
Does 26 divide 14812018?
True
Is 3405 a factor of 14924115?
True
Is 3914 a factor of 1424992634?
False
Does 5265 divide 3067457905?
False
Is 4709769 a multiple of 15?
False
Is 18455783 a multiple of 20?
False
Is 18 a factor of 71740541?
False
Is 246443422 a multiple of 20?
False
Does 12 divide 23098572?
True
Is 84190239 a multiple of 63?
True
Is 308208680 a multiple of 169?
True
Is 681466128 a multiple of 103?
True
Does 16 divide 140808676?
False
Is 740928375 a multiple of 99?
True
Is 3026637557 a multiple of 17?
False
Does 17 divide 128691052?
False
Is 511666190 a multiple of 35?
True
Is 17 a factor of 372589?
True
Is 1469 a factor of 39036829?
False
Is 29551092 a multiple of 11?
False
Is 125887370 a multiple of 309?
False
Does 24 divide 15107076?
False
Is 285774169 a multiple of 92?
False
Is 55526428 a multiple of 146?
True
Does 109 divide 94751411?
True
Is 498 a factor of 17714323?
False
Is 100757808 a multiple of 333?
True
Is 28124509 a multiple of 892?
False
Is 2050704521 a multiple of 29?
True
Is 1629 a factor of 121569012?
True
Does 24 divide 169139152?
False
Does 9002 divide 2295646766?
False
Does 17 divide 90545519?
True
Is 506 a factor of 1312613082?
True
Is 70 a factor of 57780601?
False
Is 105701323 a multiple of 43?
False
Does 124 divide 22049432?
True
Is 1256220515 a multiple of 11065?
True
Does 496 divide 6384651530?
False
Is 79 a factor of 3683855399?
True
Is 135017868 a multiple of 22?
False
Is 271351445 a multiple of 47?
True
Is 366 a factor of 33451609?
False
Is 14331839 a multiple of 9?
False
Is 8045578 a multiple of 71?
True
Does 16979 divide 1335344101?
False
Is 94 a factor of 238989251?
False
Does 1056 divide 41800013?
False
Is 1842044767 a multiple of 903?
False
Is 152833350 a multiple of 30?
True
Is 10 a factor of 1474392470?
True
Is 444092840 a multiple of 8?
True
Is 4420473680 a multiple of 140?
True
Does 88 divide 61271584?
True
Is 24 a factor of 47289489?
False
Is 145 a factor of 1099179315?
True
Does 4030 divide 112856120?
True
Does 87 divide 30647925?
True
Is 685281571 a multiple of 29?
True
Does 3171 divide 4013904219?
False
Is 162 a factor of 684786?
False
Does 11 divide 16155635?
False
Does 232 divide 2856424806?
False
Does 1312 divide 573224608?
True
Does 2 divide 4718112?
True
Is 49013439 a multiple of 297?
False
Does 155 divide 26631561?
False
Is 91 a factor of 37238383?
True
Does 237 divide 3111099?
True
Does 53 divide 60153198?
True
Does 335 divide 196458382?
False
Is 128 a factor of 2579334?
False
Does 23 divide 1913159044?
True
Does 47 divide 1831691285?
True
Does 69 divide 16659003?
False
Is 5180 a factor of 194968236?
False
Does 2833 divide 3673473?
False
Is 1214413596 a multiple of 79?
True
Is 2830 a factor of 98891520?
True
Is 69336288 a multiple of 2934?
True
Does 89 divide 1437087183?
True
Does 143 divide 1755039?
True
Does 1014 divide 4220612?
False
Is 8 a factor of 176410337?
False
Does 522 divide 4057619621?
False
Does 3 divide 142333896?
True
Is 125 a factor of 231251875?
True
Does 4449 divide 138604146?
True
Does 1